{"id":85,"date":"2016-10-10T12:03:14","date_gmt":"2016-10-10T10:03:14","guid":{"rendered":"https:\/\/brainsintheclouds.eu\/?page_id=85"},"modified":"2018-09-04T09:21:49","modified_gmt":"2018-09-04T08:21:49","slug":"coordination","status":"publish","type":"page","link":"https:\/\/brainsintheclouds.eu\/?page_id=85","title":{"rendered":"Coordination"},"content":{"rendered":"<p>The team of partners in the project <em>Head in the Clouds<\/em> defined a clear task division, based on each partner&#8217;s experiences, expertices, access to tools and access to the target group.<\/p>\n<p>Partners actively involved in the development of the educational materials, the evaluation process and the documentary meet online on a weekly basis to discuss the status quo and the next steps. Every two or three weeks\u00a0this group also meets the implementing partners working with the target group online, to get feedback, and to explain the new material that they will receive or have received. Between the meetings the team is in constant contact through emails.<\/p>\n<p>The Technical University of Vienna oversees and coordinates this process.<\/p>\n<p>&nbsp;<\/p>\n<p><strong>Physical meetings of the team<\/strong><\/p>\n<p><em>Head in the Cloud<\/em> foresees four physical meetings. Two already took place &#8211; Vienna and in Prague,\u00a0spring 2016 &#8211; in the preparation of the project&#8217;s implementation. Two more will take place in 2017 and 2018.<\/p>\n<figure id=\"attachment_10\" aria-describedby=\"caption-attachment-10\" style=\"width: 16384px\" class=\"wp-caption aligncenter\"><img loading=\"lazy\" decoding=\"async\" class=\"size-full wp-image-10\" src=\"https:\/\/brainsintheclouds.eu\/wp-content\/uploads\/2016\/04\/1.jpg\" alt=\"Group Photo\" width=\"16384\" height=\"1536\" \/><figcaption id=\"caption-attachment-10\" class=\"wp-caption-text\">Copyright Head in the Clouds Consortium &#8211; Picture by Verein Offenes Lernen<\/figcaption><\/figure>\n<p><em>360\u00b0 Impression from the Kick-Off Meeting in Vienna on March 17th and 18th 2016 [from left to right: Johann Stockinger (OCG), Jelena Poucki (GAIA), Klaus Hammerm\u00fcller (OLE), Gerhilde Meissl-Egghart (OLE), Veronika Torma (FSG), Andrej Novik (SCIO), Lenka Firtova (SCIO), Jana Koptova (SZS), Anna Koptova (SZS), Tomas Zelinsky (TUK), Valerie Weidinger (OLE), Peter Makkai (FSG), Niina Novak (TUW), Martin Krajiczek (TUW)]<\/em><\/p>\n<p>&nbsp;<\/p>\n<p style=\"text-align: center;\"><img loading=\"lazy\" decoding=\"async\" class=\"aligncenter size-medium wp-image-71\" src=\"https:\/\/brainsintheclouds.eu\/wp-content\/uploads\/2016\/07\/Foto-2tes-Meeting-page-300x86.png\" alt=\"Foto 2tes Meeting page\" width=\"300\" height=\"86\" srcset=\"https:\/\/brainsintheclouds.eu\/wp-content\/uploads\/2016\/07\/Foto-2tes-Meeting-page-300x86.png 300w, https:\/\/brainsintheclouds.eu\/wp-content\/uploads\/2016\/07\/Foto-2tes-Meeting-page.png 540w\" sizes=\"auto, (max-width: 300px) 85vw, 300px\" \/><span style=\"font-size: 8pt; color: #999999;\"><em>Copyright Head in the Clouds Consortium &#8211; Picture by SCIO<\/em><\/span><\/p>\n<p>On the 19th and the 20th of May 2016 the team met for the second time &#8211; in Prague, in the office of SCIO. The outcomes of the research and needs assessment and the next steps were discussed, and the team did a first trial run of a educational boxes.<\/p>\n<p><em>Present were:\u00a0 Andrej Novik (SCIO), Martin Krajiczek (TU Wien), Niina Novak (TU Wien), Gerhilde Meissl-Egghart (OLE), Veronika Bystrianska (SZS Kosice), Jelena Pou\u0107ki (GAIA), Silvia Mr\u00e1zkov\u00e1 (TU Kosice), Lubica \u0160tibl\u00e1rov\u00e1 (TU Kosice), Veronika Torma (Fundatia Crestina Diakonia), Ant\u00f3nia Gyorgy (Fundatia Crestina Diakonia) and Tomas Zelinsky (TU Kosice)<\/em><\/p>\n<p><img loading=\"lazy\" decoding=\"async\" class=\"aligncenter size-medium wp-image-130\" src=\"https:\/\/brainsintheclouds.eu\/wp-content\/uploads\/2017\/06\/kosice-1-300x180.jpg\" alt=\"\" width=\"300\" height=\"180\" srcset=\"https:\/\/brainsintheclouds.eu\/wp-content\/uploads\/2017\/06\/kosice-1-300x180.jpg 300w, https:\/\/brainsintheclouds.eu\/wp-content\/uploads\/2017\/06\/kosice-1-768x461.jpg 768w, https:\/\/brainsintheclouds.eu\/wp-content\/uploads\/2017\/06\/kosice-1-1024x614.jpg 1024w, https:\/\/brainsintheclouds.eu\/wp-content\/uploads\/2017\/06\/kosice-1-1200x720.jpg 1200w, https:\/\/brainsintheclouds.eu\/wp-content\/uploads\/2017\/06\/kosice-1.jpg 2048w\" sizes=\"auto, (max-width: 300px) 85vw, 300px\" \/><\/p>\n<p style=\"text-align: center;\"><span style=\"font-size: 8pt; color: #999999;\"><em>Copyright Head in the Clouds Consortium &#8211; Picture by SCIO<\/em><\/span><\/p>\n<p>On the 22nd and 23rd of May 2017 the team met again, this time in Kosice, Slovakia. We discussed the developments of the project&#8217;s implementation &#8211; lessons learned, things to be improved and positive observations made. Based on this the plans for the coming months and the last educational boxes were made.<\/p>\n<p><em>Present were:\u00a0Valerie Weidinger (OLE), Gerhilde Meissl-Egghart (OLE), Veronika Torma (Fundatia Crestina Diakonia), Zsuszana Apor (Fundatia Crestina Diakonia), Noemi Denes (Fundatia Crestina Diakonia), Szidonia Balosh Dulanyi (Fundatia Crestina Diakonia), Nika Bystrianska (SZS), Elena Mudra (SZS), Marcel Senrir (SZS), Lubica Stibharona (TUK), Andrej Novak (SCIO), Lenka Firtova (SCIO), Silvia Mrazkova (TUK), Niina Novak (TUW), Martin Krajiczek (TUW), Slobodan Vasic (GAIA),\u00a0Tomas Zelinsky (TUK)<\/em><\/p>\n<p><img loading=\"lazy\" decoding=\"async\" class=\"alignnone wp-image-631 aligncenter\" src=\"https:\/\/brainsintheclouds.eu\/wp-content\/uploads\/2018\/06\/20180607_163701-web-300x216.jpg\" alt=\"\" width=\"450\" height=\"324\" srcset=\"https:\/\/brainsintheclouds.eu\/wp-content\/uploads\/2018\/06\/20180607_163701-web-300x216.jpg 300w, https:\/\/brainsintheclouds.eu\/wp-content\/uploads\/2018\/06\/20180607_163701-web-768x553.jpg 768w, https:\/\/brainsintheclouds.eu\/wp-content\/uploads\/2018\/06\/20180607_163701-web-1024x738.jpg 1024w, https:\/\/brainsintheclouds.eu\/wp-content\/uploads\/2018\/06\/20180607_163701-web-1200x865.jpg 1200w\" sizes=\"auto, (max-width: 450px) 85vw, 450px\" \/><\/p>\n<p style=\"text-align: center;\"><span style=\"font-size: 8pt; color: #999999;\"><em>Copyright Head in the Clouds Consortium &#8211; Picture by SCIO<\/em><\/span><\/p>\n<p>On the 7th and 8th of June 2018 the team met for a final meeting in Vienna, Austria. This meeting served to discuss the final evaluation of the project, Multiplier Events, reporting and follow-up projects. It also hosted a public Event &#8220;World Cafe&#8221; to inform Austrian partners and interested stakeholders about &#8220;Head in the Clouds&#8221;.<\/p>\n<p><em>Present were:\u00a0Valerie Weidinger (OLE), Gerhilde Meissl-Egghart (OLE), Klaus Hammerm\u00fcller (OLE), Veronika Torma (Fundatia Crestina Diakonia), Noemi Denes (Fundatia Crestina Diakonia), Nika Bystrianska (SZS), Elena Mudra (SZS),\u00a0 Andrej Novak (SCIO), Lenka Firtova (SCIO), Niina Novak (TUW), Martin Krajiczek (TUW), Tomas Zelinsky (TUK)<\/em><\/p>\n","protected":false},"excerpt":{"rendered":"<p>The team of partners in the project Head in the Clouds defined a clear task division, based on each partner&#8217;s experiences, expertices, access to tools and access to the target group. Partners actively involved in the development of the educational materials, the evaluation process and the documentary meet online on a weekly basis to discuss &hellip; <a href=\"https:\/\/brainsintheclouds.eu\/?page_id=85\" class=\"more-link\">Continue reading<span class=\"screen-reader-text\"> &#8220;Coordination&#8221;<\/span><\/a><\/p>\n","protected":false},"author":3,"featured_media":0,"parent":0,"menu_order":0,"comment_status":"closed","ping_status":"closed","template":"","meta":{"footnotes":""},"class_list":["post-85","page","type-page","status-publish","hentry"],"_links":{"self":[{"href":"https:\/\/brainsintheclouds.eu\/index.php?rest_route=\/wp\/v2\/pages\/85","targetHints":{"allow":["GET"]}}],"collection":[{"href":"https:\/\/brainsintheclouds.eu\/index.php?rest_route=\/wp\/v2\/pages"}],"about":[{"href":"https:\/\/brainsintheclouds.eu\/index.php?rest_route=\/wp\/v2\/types\/page"}],"author":[{"embeddable":true,"href":"https:\/\/brainsintheclouds.eu\/index.php?rest_route=\/wp\/v2\/users\/3"}],"replies":[{"embeddable":true,"href":"https:\/\/brainsintheclouds.eu\/index.php?rest_route=%2Fwp%2Fv2%2Fcomments&post=85"}],"version-history":[{"count":11,"href":"https:\/\/brainsintheclouds.eu\/index.php?rest_route=\/wp\/v2\/pages\/85\/revisions"}],"predecessor-version":[{"id":756,"href":"https:\/\/brainsintheclouds.eu\/index.php?rest_route=\/wp\/v2\/pages\/85\/revisions\/756"}],"wp:attachment":[{"href":"https:\/\/brainsintheclouds.eu\/index.php?rest_route=%2Fwp%2Fv2%2Fmedia&parent=85"}],"curies":[{"name":"wp","href":"https:\/\/api.w.org\/{rel}","templated":true}]}}

<p>The team of partners in the project <em>Head in the Clouds</em> defined a clear task division, based on each partner&#8217;s experiences, expertices, access to tools and access to the target group.</p>
<p>Partners actively involved in the development of the educational materials, the evaluation process and the documentary meet online on a weekly basis to discuss the status quo and the next steps. Every two or three weeks this group also meets the implementing partners working with the target group online, to get feedback, and to explain the new material that they will receive or have received. Between the meetings the team is in constant contact through emails.</p>
<p>The Technical University of Vienna oversees and coordinates this process.</p>
<p>&nbsp;</p>
<p><strong>Physical meetings of the team</strong></p>
<p><em>Head in the Cloud</em> foresees four physical meetings. Two already took place &#8211; Vienna and in Prague, spring 2016 &#8211; in the preparation of the project&#8217;s implementation. Two more will take place in 2017 and 2018.</p>
<figure id="attachment_10" aria-describedby="caption-attachment-10" style="width: 16384px" class="wp-caption aligncenter"><img loading="lazy" decoding="async" class="size-full wp-image-10" src="https://brainsintheclouds.eu/wp-content/uploads/2016/04/1.jpg" alt="Group Photo" width="16384" height="1536" /><figcaption id="caption-attachment-10" class="wp-caption-text">Copyright Head in the Clouds Consortium &#8211; Picture by Verein Offenes Lernen</figcaption></figure>
<p><em>360° Impression from the Kick-Off Meeting in Vienna on March 17th and 18th 2016 [from left to right: Johann Stockinger (OCG), Jelena Poucki (GAIA), Klaus Hammermüller (OLE), Gerhilde Meissl-Egghart (OLE), Veronika Torma (FSG), Andrej Novik (SCIO), Lenka Firtova (SCIO), Jana Koptova (SZS), Anna Koptova (SZS), Tomas Zelinsky (TUK), Valerie Weidinger (OLE), Peter Makkai (FSG), Niina Novak (TUW), Martin Krajiczek (TUW)]</em></p>
<p>&nbsp;</p>
<p style="text-align: center;"><img loading="lazy" decoding="async" class="aligncenter size-medium wp-image-71" src="https://brainsintheclouds.eu/wp-content/uploads/2016/07/Foto-2tes-Meeting-page-300x86.png" alt="Foto 2tes Meeting page" width="300" height="86" srcset="https://brainsintheclouds.eu/wp-content/uploads/2016/07/Foto-2tes-Meeting-page-300x86.png 300w, https://brainsintheclouds.eu/wp-content/uploads/2016/07/Foto-2tes-Meeting-page.png 540w" sizes="auto, (max-width: 300px) 85vw, 300px" /><span style="font-size: 8pt; color: #999999;"><em>Copyright Head in the Clouds Consortium &#8211; Picture by SCIO</em></span></p>
<p>On the 19th and the 20th of May 2016 the team met for the second time &#8211; in Prague, in the office of SCIO. The outcomes of the research and needs assessment and the next steps were discussed, and the team did a first trial run of a educational boxes.</p>
<p><em>Present were:  Andrej Novik (SCIO), Martin Krajiczek (TU Wien), Niina Novak (TU Wien), Gerhilde Meissl-Egghart (OLE), Veronika Bystrianska (SZS Kosice), Jelena Poućki (GAIA), Silvia Mrázková (TU Kosice), Lubica Štiblárová (TU Kosice), Veronika Torma (Fundatia Crestina Diakonia), Antónia Gyorgy (Fundatia Crestina Diakonia) and Tomas Zelinsky (TU Kosice)</em></p>
<p><img loading="lazy" decoding="async" class="aligncenter size-medium wp-image-130" src="https://brainsintheclouds.eu/wp-content/uploads/2017/06/kosice-1-300x180.jpg" alt="" width="300" height="180" srcset="https://brainsintheclouds.eu/wp-content/uploads/2017/06/kosice-1-300x180.jpg 300w, https://brainsintheclouds.eu/wp-content/uploads/2017/06/kosice-1-768x461.jpg 768w, https://brainsintheclouds.eu/wp-content/uploads/2017/06/kosice-1-1024x614.jpg 1024w, https://brainsintheclouds.eu/wp-content/uploads/2017/06/kosice-1-1200x720.jpg 1200w, https://brainsintheclouds.eu/wp-content/uploads/2017/06/kosice-1.jpg 2048w" sizes="auto, (max-width: 300px) 85vw, 300px" /></p>
<p style="text-align: center;"><span style="font-size: 8pt; color: #999999;"><em>Copyright Head in the Clouds Consortium &#8211; Picture by SCIO</em></span></p>
<p>On the 22nd and 23rd of May 2017 the team met again, this time in Kosice, Slovakia. We discussed the developments of the project&#8217;s implementation &#8211; lessons learned, things to be improved and positive observations made. Based on this the plans for the coming months and the last educational boxes were made.</p>
<p><em>Present were: Valerie Weidinger (OLE), Gerhilde Meissl-Egghart (OLE), Veronika Torma (Fundatia Crestina Diakonia), Zsuszana Apor (Fundatia Crestina Diakonia), Noemi Denes (Fundatia Crestina Diakonia), Szidonia Balosh Dulanyi (Fundatia Crestina Diakonia), Nika Bystrianska (SZS), Elena Mudra (SZS), Marcel Senrir (SZS), Lubica Stibharona (TUK), Andrej Novak (SCIO), Lenka Firtova (SCIO), Silvia Mrazkova (TUK), Niina Novak (TUW), Martin Krajiczek (TUW), Slobodan Vasic (GAIA), Tomas Zelinsky (TUK)</em></p>
<p><img loading="lazy" decoding="async" class="alignnone wp-image-631 aligncenter" src="https://brainsintheclouds.eu/wp-content/uploads/2018/06/20180607_163701-web-300x216.jpg" alt="" width="450" height="324" srcset="https://brainsintheclouds.eu/wp-content/uploads/2018/06/20180607_163701-web-300x216.jpg 300w, https://brainsintheclouds.eu/wp-content/uploads/2018/06/20180607_163701-web-768x553.jpg 768w, https://brainsintheclouds.eu/wp-content/uploads/2018/06/20180607_163701-web-1024x738.jpg 1024w, https://brainsintheclouds.eu/wp-content/uploads/2018/06/20180607_163701-web-1200x865.jpg 1200w" sizes="auto, (max-width: 450px) 85vw, 450px" /></p>
<p style="text-align: center;"><span style="font-size: 8pt; color: #999999;"><em>Copyright Head in the Clouds Consortium &#8211; Picture by SCIO</em></span></p>
<p>On the 7th and 8th of June 2018 the team met for a final meeting in Vienna, Austria. This meeting served to discuss the final evaluation of the project, Multiplier Events, reporting and follow-up projects. It also hosted a public Event &#8220;World Cafe&#8221; to inform Austrian partners and interested stakeholders about &#8220;Head in the Clouds&#8221;.</p>
<p><em>Present were: Valerie Weidinger (OLE), Gerhilde Meissl-Egghart (OLE), Klaus Hammermüller (OLE), Veronika Torma (Fundatia Crestina Diakonia), Noemi Denes (Fundatia Crestina Diakonia), Nika Bystrianska (SZS), Elena Mudra (SZS),  Andrej Novak (SCIO), Lenka Firtova (SCIO), Niina Novak (TUW), Martin Krajiczek (TUW), Tomas Zelinsky (TUK)</em></p>
