{"id":189,"date":"2018-01-23T10:04:26","date_gmt":"2018-01-23T09:04:26","guid":{"rendered":"https:\/\/brainsintheclouds.eu\/?page_id=189"},"modified":"2018-07-24T13:47:23","modified_gmt":"2018-07-24T12:47:23","slug":"media","status":"publish","type":"page","link":"https:\/\/brainsintheclouds.eu\/?page_id=189","title":{"rendered":"Media"},"content":{"rendered":"<p>The project <em>Head in the Clouds<\/em> has over the last years caught the eye of media in the different hosting countries and the eye of the scientific community. We have been interviewed and\/ or asked to present our project. Here are some examples of this media presence:<\/p>\n<p><strong>PAPERs for conferences and journals<\/strong><\/p>\n<p>Novak N. M., Rabiee M., Tjoa A M. (2018). <em>Head in the Clouds: An Initiative for Digital Learning among Roma Communities in Europe. <\/em>In: B. M. McLaren, R. Reilly, S. Zvacek, J. Uhomoibhi (eds): Proceedings of the 10<sup>th<\/sup> International Conference on Computer Supported Education (CSEDU 2018) \u2013 Volume 2, Funchal, Madeira &#8211; Portugal, March 15-17, 2018, SCITEPRESS, ISBN: 978-989-758-291-2, p.384-390, DOI: <a href=\"http:\/\/www.scitepress.org\/DigitalLibrary\/Link.aspx?doi=10.5220\/0006806803840390\">10.5220\/0006806803840390<\/a> .<\/p>\n<p>Pal\u2018ova D., Novak N. M., Weidinger V. (2017). <a href=\"http:\/\/ieeexplore.ieee.org\/document\/7973525\/?reload=true\" target=\"_blank\" rel=\"noopener\"><em>Digital Learning as a tool to overcome school failure in minority groups<\/em><\/a>. In: P. Biljanovic, M. Koricic, K. Skala, T. Galinac Grbac, M. Cicin-Sain, V. Sruk, S. Ribaric, S. Gros, B. Vrdolkak, M. Mauher, E. Tijan, F.Hormot (eds.): 40<sup>th<\/sup> International Convention on Information and Communication Technology, Electronics and Microelectronics, MIPRO 2017, Opatija, Coratia, May 22 &#8211; 26, 2017. IEEE 2017, ISBN 978-953-233-090-8, p. 873 \u2013 878.<\/p>\n<p>SCIO presented the project on the <a href=\"https:\/\/www.aea-europe.net\/conferences\/past-conferences\/18th-annual-conference\/\">AEA conference 2017<\/a>:<br \/>\nEach year, the Association for Educational Assessment organizes a conference for researchers, teachers, policy makers and anyone else interested in the field of educational measurement, which is attended by approximately 200 people. The 18th conference took place in Prague ( 9-11th November 2017) and its topic was Assessment Cultures in a Globalised World. Given the topic of the conference, we took the opportunity to present the Head in the Clouds project \u2013 the concept, goals and interim results. \u00a0The presentation was attended by more than 30 people.<\/p>\n<p><img loading=\"lazy\" decoding=\"async\" class=\"aligncenter size-medium wp-image-602\" src=\"https:\/\/brainsintheclouds.eu\/wp-content\/uploads\/2018\/06\/SCIO-slide-300x223.png\" alt=\"\" width=\"300\" height=\"223\" srcset=\"https:\/\/brainsintheclouds.eu\/wp-content\/uploads\/2018\/06\/SCIO-slide-300x223.png 300w, https:\/\/brainsintheclouds.eu\/wp-content\/uploads\/2018\/06\/SCIO-slide.png 712w\" sizes=\"auto, (max-width: 300px) 85vw, 300px\" \/><\/p>\n<p><strong><br \/>\nAustria<\/strong><\/p>\n<p>On July 4th 2018, <i><b>Der Standard <\/b><\/i>an Austrian national daily broadsheet newspaper, published an article, about the Head in the Clouds project, entitled &#8220;Besseres Leben dank Computerbildung&#8221;, following an Interview with Niina Novak (Vienna University of Technology). The online version of the article is available <a href=\"https:\/\/derstandard.at\/2000082816646\/Besseres-Leben-dank-Computerbildung#\">here<\/a>.\u00a0 And the print version of the article can be downloaded by clicking on the picture below.<br \/>\n<a href=\"https:\/\/brainsintheclouds.eu\/wp-content\/uploads\/2018\/07\/Der-Standard-4.-Juli-2018-Besser-Leben-dank-Computerbildung.pdf\"><img loading=\"lazy\" decoding=\"async\" class=\" wp-image-747 aligncenter\" src=\"https:\/\/brainsintheclouds.eu\/wp-content\/uploads\/2018\/07\/Screenshot-56-300x171.png\" alt=\"\" width=\"507\" height=\"289\" srcset=\"https:\/\/brainsintheclouds.eu\/wp-content\/uploads\/2018\/07\/Screenshot-56-300x171.png 300w, https:\/\/brainsintheclouds.eu\/wp-content\/uploads\/2018\/07\/Screenshot-56-768x437.png 768w, https:\/\/brainsintheclouds.eu\/wp-content\/uploads\/2018\/07\/Screenshot-56-1024x583.png 1024w, https:\/\/brainsintheclouds.eu\/wp-content\/uploads\/2018\/07\/Screenshot-56-1200x683.png 1200w, https:\/\/brainsintheclouds.eu\/wp-content\/uploads\/2018\/07\/Screenshot-56.png 1495w\" sizes=\"auto, (max-width: 507px) 85vw, 507px\" \/><\/a><\/p>\n<p>On the occassion of the International Roma Day on April 8th, 2018, the Vienna University of Technology published a press release about the &#8220;Head in the Clouds&#8221; project. (<a href=\"https:\/\/www.tuwien.ac.at\/aktuelles\/news_detail\/article\/125757\/\">available in German language only here<\/a>)<\/p>\n<p><a href=\"https:\/\/www.tuwien.ac.at\/aktuelles\/news_detail\/article\/125757\/\"><img loading=\"lazy\" decoding=\"async\" class=\" wp-image-342 aligncenter\" src=\"https:\/\/brainsintheclouds.eu\/wp-content\/uploads\/2018\/04\/Screenshot-44-300x132.png\" alt=\"\" width=\"535\" height=\"235\" srcset=\"https:\/\/brainsintheclouds.eu\/wp-content\/uploads\/2018\/04\/Screenshot-44-300x132.png 300w, https:\/\/brainsintheclouds.eu\/wp-content\/uploads\/2018\/04\/Screenshot-44-768x339.png 768w, https:\/\/brainsintheclouds.eu\/wp-content\/uploads\/2018\/04\/Screenshot-44-1024x452.png 1024w, https:\/\/brainsintheclouds.eu\/wp-content\/uploads\/2018\/04\/Screenshot-44-1200x530.png 1200w, https:\/\/brainsintheclouds.eu\/wp-content\/uploads\/2018\/04\/Screenshot-44.png 1885w\" sizes=\"auto, (max-width: 535px) 85vw, 535px\" \/><\/a><\/p>\n<p>In March 2018 an article about &#8220;Head in the Clouds: Digital Learning to Overcome School Failure&#8221; was published in the International Federation for Information Processing&#8217;s (IFIP) newsletter. You can find the full issue of the <a href=\"http:\/\/www.ifip.org\/images\/stories\/ifip\/public\/Newsletter\/2017to2018\/news_mar_2018_03.pdf\">IFIP News March 2018 here<\/a> or directly take a look at our article on <a href=\"https:\/\/brainsintheclouds.eu\/wp-content\/uploads\/2018\/04\/news_mar_2018_03-page-7.pdf\">page 7<\/a> of the issue.<a href=\"https:\/\/brainsintheclouds.eu\/wp-content\/uploads\/2018\/04\/news_mar_2018_03-page-7.pdf\"><img loading=\"lazy\" decoding=\"async\" class=\"size-medium wp-image-334 aligncenter\" src=\"https:\/\/brainsintheclouds.eu\/wp-content\/uploads\/2018\/04\/Screenshot-41-300x179.png\" alt=\"\" width=\"300\" height=\"179\" srcset=\"https:\/\/brainsintheclouds.eu\/wp-content\/uploads\/2018\/04\/Screenshot-41-300x179.png 300w, https:\/\/brainsintheclouds.eu\/wp-content\/uploads\/2018\/04\/Screenshot-41-768x458.png 768w, https:\/\/brainsintheclouds.eu\/wp-content\/uploads\/2018\/04\/Screenshot-41-1024x611.png 1024w, https:\/\/brainsintheclouds.eu\/wp-content\/uploads\/2018\/04\/Screenshot-41-1200x716.png 1200w, https:\/\/brainsintheclouds.eu\/wp-content\/uploads\/2018\/04\/Screenshot-41.png 1383w\" sizes=\"auto, (max-width: 300px) 85vw, 300px\" \/><br \/>\n<\/a>We were also happy to contribute to the oead.news in autumn 2017. You can find the PDF-Version of the article &#8220;<a href=\"https:\/\/brainsintheclouds.eu\/wp-content\/uploads\/2018\/01\/oead_news_104_20-21_Novak_Weidinger_FIN_VERS.pdf\">Digitalisierte Chancen<\/a>&#8221; here or take a look at <a href=\"https:\/\/issuu.com\/oead.worldwide\/docs\/oead_news_104\">page 20<\/a> of the issue.<\/p>\n<p><a href=\"https:\/\/brainsintheclouds.eu\/wp-content\/uploads\/2018\/01\/oead_news_104_20-21_Novak_Weidinger_FIN_VERS.pdf\"><img loading=\"lazy\" decoding=\"async\" class=\"size-medium wp-image-208 aligncenter\" src=\"https:\/\/brainsintheclouds.eu\/wp-content\/uploads\/2018\/01\/Screenshot-24-300x280.png\" alt=\"\" width=\"300\" height=\"280\" srcset=\"https:\/\/brainsintheclouds.eu\/wp-content\/uploads\/2018\/01\/Screenshot-24-300x280.png 300w, https:\/\/brainsintheclouds.eu\/wp-content\/uploads\/2018\/01\/Screenshot-24.png 607w\" sizes=\"auto, (max-width: 300px) 85vw, 300px\" \/><\/a><\/p>\n<p>The kick-off meeting took place in the collaboration with <a href=\"http:\/\/www.ocg.at\">OCG<\/a>. In their journal Johann Stockinger shared about this experience.<\/p>\n<p><a href=\"https:\/\/brainsintheclouds.eu\/wp-content\/uploads\/2018\/01\/OCG-Journal1603-article-Stockinger.pdf\"><img loading=\"lazy\" decoding=\"async\" class=\"aligncenter size-medium wp-image-194\" src=\"https:\/\/brainsintheclouds.eu\/wp-content\/uploads\/2018\/01\/OCG-journal-300x232.jpg\" alt=\"\" width=\"300\" height=\"232\" srcset=\"https:\/\/brainsintheclouds.eu\/wp-content\/uploads\/2018\/01\/OCG-journal-300x232.jpg 300w, https:\/\/brainsintheclouds.eu\/wp-content\/uploads\/2018\/01\/OCG-journal.jpg 703w\" sizes=\"auto, (max-width: 300px) 85vw, 300px\" \/><\/a><\/p>\n<p><strong>Romania<\/strong><\/p>\n<p>A reporter joined us for the public event during the first training:<\/p>\n<p><img loading=\"lazy\" decoding=\"async\" class=\"aligncenter wp-image-192\" src=\"https:\/\/brainsintheclouds.eu\/wp-content\/uploads\/2018\/01\/article-Romania-300x211.jpg\" alt=\"\" width=\"473\" height=\"333\" srcset=\"https:\/\/brainsintheclouds.eu\/wp-content\/uploads\/2018\/01\/article-Romania-300x211.jpg 300w, https:\/\/brainsintheclouds.eu\/wp-content\/uploads\/2018\/01\/article-Romania-768x541.jpg 768w, https:\/\/brainsintheclouds.eu\/wp-content\/uploads\/2018\/01\/article-Romania.jpg 880w\" sizes=\"auto, (max-width: 473px) 85vw, 473px\" \/><\/p>\n<p>You can still find the article <a href=\"http:\/\/www.3szek.ro\/load\/cikk\/94599\/esely_a_digitalis_vilaghoz#.V8EdQdad1Lw.facebook\">here<\/a>.<\/p>\n<p>&nbsp;<\/p>\n<p><strong>Kosovo<\/strong><\/p>\n<p>Lulzim Bucolli was interviewed on radio and TV.<\/p>\n<p><iframe loading=\"lazy\" width=\"840\" height=\"473\" src=\"https:\/\/www.youtube.com\/embed\/ZyVUbn6l4C0?feature=oembed\" frameborder=\"0\" allow=\"autoplay; encrypted-media\" allowfullscreen><\/iframe><\/p>\n<p>&nbsp;<\/p>\n<p><iframe loading=\"lazy\" width=\"840\" height=\"473\" src=\"https:\/\/www.youtube.com\/embed\/SJCC8jgaBLk?feature=oembed\" frameborder=\"0\" allow=\"autoplay; encrypted-media\" allowfullscreen><\/iframe><\/p>\n<p>&nbsp;<\/p>\n<p><strong>Czech Republic<\/strong><\/p>\n<p>On April 16, 2018 SCIO organized a public event called <em>Coffee and Education<\/em> where the <em>Head in the Clouds project<\/em> was presented to a wide auditorium of participants. In the session, Andrej Novik and Lenka Fi\u0159tov\u00e1 of SCIO got into live video contact with children of Gra\u010danica. Video of the event can be seen here:<\/p>\n<p><iframe loading=\"lazy\" width=\"840\" height=\"473\" src=\"https:\/\/www.youtube.com\/embed\/FXa0brvDGk0?feature=oembed\" frameborder=\"0\" allow=\"autoplay; encrypted-media\" allowfullscreen><\/iframe><\/p>\n<p>SCIO published an <a href=\"https:\/\/perpetuum.cz\/2016\/09\/hlavu-dirou-ve-zdi\/\">article<\/a> about the project on the magazine Perpetuum.<\/p>\n<p><img loading=\"lazy\" decoding=\"async\" class=\"aligncenter size-medium wp-image-197\" src=\"https:\/\/brainsintheclouds.eu\/wp-content\/uploads\/2018\/01\/perpetuum-1-257x300.jpg\" alt=\"\" width=\"257\" height=\"300\" srcset=\"https:\/\/brainsintheclouds.eu\/wp-content\/uploads\/2018\/01\/perpetuum-1-257x300.jpg 257w, https:\/\/brainsintheclouds.eu\/wp-content\/uploads\/2018\/01\/perpetuum-1.jpg 443w\" sizes=\"auto, (max-width: 257px) 85vw, 257px\" \/><\/p>\n<p>&nbsp;<\/p>\n<p>&nbsp;<\/p>\n","protected":false},"excerpt":{"rendered":"<p>The project Head in the Clouds has over the last years caught the eye of media in the different hosting countries and the eye of the scientific community. We have been interviewed and\/ or asked to present our project. Here are some examples of this media presence: PAPERs for conferences and journals Novak N. M., &hellip; <a href=\"https:\/\/brainsintheclouds.eu\/?page_id=189\" class=\"more-link\">Continue reading<span class=\"screen-reader-text\"> &#8220;Media&#8221;<\/span><\/a><\/p>\n","protected":false},"author":3,"featured_media":0,"parent":0,"menu_order":0,"comment_status":"closed","ping_status":"closed","template":"","meta":{"footnotes":""},"class_list":["post-189","page","type-page","status-publish","hentry"],"_links":{"self":[{"href":"https:\/\/brainsintheclouds.eu\/index.php?rest_route=\/wp\/v2\/pages\/189","targetHints":{"allow":["GET"]}}],"collection":[{"href":"https:\/\/brainsintheclouds.eu\/index.php?rest_route=\/wp\/v2\/pages"}],"about":[{"href":"https:\/\/brainsintheclouds.eu\/index.php?rest_route=\/wp\/v2\/types\/page"}],"author":[{"embeddable":true,"href":"https:\/\/brainsintheclouds.eu\/index.php?rest_route=\/wp\/v2\/users\/3"}],"replies":[{"embeddable":true,"href":"https:\/\/brainsintheclouds.eu\/index.php?rest_route=%2Fwp%2Fv2%2Fcomments&post=189"}],"version-history":[{"count":33,"href":"https:\/\/brainsintheclouds.eu\/index.php?rest_route=\/wp\/v2\/pages\/189\/revisions"}],"predecessor-version":[{"id":751,"href":"https:\/\/brainsintheclouds.eu\/index.php?rest_route=\/wp\/v2\/pages\/189\/revisions\/751"}],"wp:attachment":[{"href":"https:\/\/brainsintheclouds.eu\/index.php?rest_route=%2Fwp%2Fv2%2Fmedia&parent=189"}],"curies":[{"name":"wp","href":"https:\/\/api.w.org\/{rel}","templated":true}]}}